{"id":1006,"date":"2026-02-13T14:00:13","date_gmt":"2026-02-13T13:00:13","guid":{"rendered":"https:\/\/perigueuxencommun.fr\/?page_id=1006"},"modified":"2026-03-04T17:04:35","modified_gmt":"2026-03-04T16:04:35","slug":"procuration","status":"publish","type":"page","link":"https:\/\/perigueuxencommun.fr\/index.php\/procuration\/","title":{"rendered":"Procuration"},"content":{"rendered":"\n<div class=\"wp-block-group is-nowrap is-layout-flex wp-container-core-group-is-layout-ad2f72ca wp-block-group-is-layout-flex\">\n<figure class=\"wp-block-image size-full is-resized\"><img loading=\"lazy\" decoding=\"async\" width=\"486\" height=\"421\" src=\"https:\/\/perigueuxencommun.fr\/wp-content\/uploads\/2026\/02\/donner-procuation.jpg\" alt=\"\" class=\"wp-image-1019\" style=\"width:486px;height:auto\" srcset=\"https:\/\/perigueuxencommun.fr\/wp-content\/uploads\/2026\/02\/donner-procuation.jpg 486w, https:\/\/perigueuxencommun.fr\/wp-content\/uploads\/2026\/02\/donner-procuation-300x260.jpg 300w\" sizes=\"auto, (max-width: 486px) 100vw, 486px\" \/><\/figure>\n\n\n\n<p><strong>Je serai absent\u00b7e le dimanche 15 mars et\/ou le dimanche 22 mars<\/strong> et je souhaite faire une procuration pour que quelqu&rsquo;un vote \u00e0 ma place<\/p>\n<\/div>\n\n\n\n<div class=\"wp-block-group is-nowrap is-layout-flex wp-container-core-group-is-layout-ad2f72ca wp-block-group-is-layout-flex\">\n<p>Pour que la procuration de vote puisse \u00eatre valid\u00e9e et transmise au bureau de vote dans les temps, <strong>votre demande doit \u00eatre faite avant le samedi 14 mars pour le premier et\/ou le second tour !<\/strong>\u00a0<\/p>\n<\/div>\n\n\n\n<p>Le plus simple est de demander \u00e0 un proche ou bien \u00e0 un\u00b7e voisin\u00b7e.<\/p>\n\n\n\n<p><strong>Si vous connaissez d\u00e9j\u00e0 quelqu&rsquo;un qui peut voter \u00e0 votre place<\/strong> vous pouvez vous passer de ce formulaire et faire directement les d\u00e9marches sur le site du service public&nbsp;:&nbsp;<strong><a href=\"https:\/\/maprocuration.gouv.fr\" rel=\"noreferrer noopener\" target=\"_blank\">maprocuration.gouv.fr<\/a><\/strong>.<\/p>\n\n\n\n<p>Si personne de votre entourage ne peut prendre votre procuration, <a href=\"mailto:perigueuxencommun@ecomail.fr?subject=Procuration\">\u00e9crivez-nous<\/a> <strong>avant le vendredi 6 mars pour le premier tour et le vendredi 13 mars pour le second<\/strong> et nous vous mettrons en relation avec une personne disponible pour aller voter \u00e0 votre place avec votre procuration.<\/p>\n\n\n\n<p><\/p>\n","protected":false},"excerpt":{"rendered":"<p>Je serai absent\u00b7e le dimanche 15 mars et\/ou le dimanche 22 mars et je souhaite faire une procuration pour que quelqu&rsquo;un vote \u00e0 ma place Pour que la procuration de vote puisse \u00eatre valid\u00e9e et transmise au bureau de vote dans les temps, votre demande doit \u00eatre faite avant le samedi 14 mars pour le &hellip; <\/p>\n<p class=\"link-more\"><a href=\"https:\/\/perigueuxencommun.fr\/index.php\/procuration\/\" class=\"more-link\">Continuer la lecture<span class=\"screen-reader-text\"> de &laquo;&nbsp;Procuration&nbsp;&raquo;<\/span><\/a><\/p>\n","protected":false},"author":3,"featured_media":0,"parent":0,"menu_order":0,"comment_status":"closed","ping_status":"closed","template":"","meta":{"footnotes":""},"class_list":["post-1006","page","type-page","status-publish","hentry"],"_links":{"self":[{"href":"https:\/\/perigueuxencommun.fr\/index.php\/wp-json\/wp\/v2\/pages\/1006","targetHints":{"allow":["GET"]}}],"collection":[{"href":"https:\/\/perigueuxencommun.fr\/index.php\/wp-json\/wp\/v2\/pages"}],"about":[{"href":"https:\/\/perigueuxencommun.fr\/index.php\/wp-json\/wp\/v2\/types\/page"}],"author":[{"embeddable":true,"href":"https:\/\/perigueuxencommun.fr\/index.php\/wp-json\/wp\/v2\/users\/3"}],"replies":[{"embeddable":true,"href":"https:\/\/perigueuxencommun.fr\/index.php\/wp-json\/wp\/v2\/comments?post=1006"}],"version-history":[{"count":5,"href":"https:\/\/perigueuxencommun.fr\/index.php\/wp-json\/wp\/v2\/pages\/1006\/revisions"}],"predecessor-version":[{"id":1049,"href":"https:\/\/perigueuxencommun.fr\/index.php\/wp-json\/wp\/v2\/pages\/1006\/revisions\/1049"}],"wp:attachment":[{"href":"https:\/\/perigueuxencommun.fr\/index.php\/wp-json\/wp\/v2\/media?parent=1006"}],"curies":[{"name":"wp","href":"https:\/\/api.w.org\/{rel}","templated":true}]}}

<div class="wp-block-group is-nowrap is-layout-flex wp-container-core-group-is-layout-ad2f72ca wp-block-group-is-layout-flex">
<figure class="wp-block-image size-full is-resized"><img loading="lazy" decoding="async" width="486" height="421" src="https://perigueuxencommun.fr/wp-content/uploads/2026/02/donner-procuation.jpg" alt="" class="wp-image-1019" style="width:486px;height:auto" srcset="https://perigueuxencommun.fr/wp-content/uploads/2026/02/donner-procuation.jpg 486w, https://perigueuxencommun.fr/wp-content/uploads/2026/02/donner-procuation-300x260.jpg 300w" sizes="auto, (max-width: 486px) 100vw, 486px" /></figure>



<p><strong>Je serai absent·e le dimanche 15 mars et/ou le dimanche 22 mars</strong> et je souhaite faire une procuration pour que quelqu&rsquo;un vote à ma place</p>
</div>



<div class="wp-block-group is-nowrap is-layout-flex wp-container-core-group-is-layout-ad2f72ca wp-block-group-is-layout-flex">
<p>Pour que la procuration de vote puisse être validée et transmise au bureau de vote dans les temps, <strong>votre demande doit être faite avant le samedi 14 mars pour le premier et/ou le second tour !</strong> </p>
</div>



<p>Le plus simple est de demander à un proche ou bien à un·e voisin·e.</p>



<p><strong>Si vous connaissez déjà quelqu&rsquo;un qui peut voter à votre place</strong> vous pouvez vous passer de ce formulaire et faire directement les démarches sur le site du service public&nbsp;:&nbsp;<strong><a href="https://maprocuration.gouv.fr" rel="noreferrer noopener" target="_blank">maprocuration.gouv.fr</a></strong>.</p>



<p>Si personne de votre entourage ne peut prendre votre procuration, <a href="mailto:perigueuxencommun@ecomail.fr?subject=Procuration">écrivez-nous</a> <strong>avant le vendredi 6 mars pour le premier tour et le vendredi 13 mars pour le second</strong> et nous vous mettrons en relation avec une personne disponible pour aller voter à votre place avec votre procuration.</p>



<p></p>

<p>Je serai absent·e le dimanche 15 mars et/ou le dimanche 22 mars et je souhaite faire une procuration pour que quelqu&rsquo;un vote à ma place Pour que la procuration de vote puisse être validée et transmise au bureau de vote dans les temps, votre demande doit être faite avant le samedi 14 mars pour le &hellip; </p>
<p class="link-more"><a href="https://perigueuxencommun.fr/index.php/procuration/" class="more-link">Continuer la lecture<span class="screen-reader-text"> de &laquo;&nbsp;Procuration&nbsp;&raquo;</span></a></p>
